36 a multiple of 18?
True
Is 87 a factor of 17715?
False
Does 16 divide 6096?
True
Does 2 divide 19?
False
Does 23 divide 1047?
False
Is 39 a factor of 234?
True
Is 2411 a multiple of 19?
False
Is 27 a factor of 918?
True
Is 10219 a multiple of 11?
True
Does 17 divide 899?
False
Does 36 divide 468?
True
Is 14 a factor of 33880?
True
Does 5 divide 350?
True
Is 41 a factor of 2747?
True
Is 118 a factor of 2478?
True
Does 18 divide 32?
False
Does 17 divide 10898?
False
Does 19 divide 202?
False
Is 70761 a multiple of 309?
True
Does 54 divide 54?
True
Does 17 divide 19074?
True
Is 61 a factor of 244?
True
Is 362 a multiple of 9?
False
Is 10 a factor of 160?
True
Is 4 a factor of 433?
False
Is 24 a factor of 2596?
False
Is 2018 a multiple of 28?
False
Is 1071 a multiple of 21?
True
Is 26 a factor of 17995?
False
Does 16 divide 5808?
True
Does 9 divide 2503?
False
Is 16538 a multiple of 30?
False
Is 5 a factor of 5?
True
Does 14 divide 294?
True
Is 633 a multiple of 25?
False
Is 4411 a multiple of 9?
False
Is 44372 a multiple of 109?
False
Is 8 a factor of 8?
True
Is 564 a multiple of 47?
True
Does 17 divide 2193?
True
Does 12 divide 1524?
True
Is 70 a multiple of 7?
True
Is 15627 a multiple of 31?
False
Is 65 a factor of 1560?
True
Is 6 a factor of 58098?
True
Is 5 a factor of 980?
True
Does 56 divide 10248?
True
Is 1127 a multiple of 55?
False
Does 19 divide 406?
False
Does 12 divide 159?
False
Is 71 a factor of 1207?
True
Does 23 divide 3723?
False
Is 2266 a multiple of 84?
False
Does 11 divide 363?
True
Is 7363 a multiple of 37?
True
Does 3 divide 680?
False
Does 19 divide 24434?
True
Is 8062 a multiple of 139?
True
Is 8 a factor of 41?
False
Is 972 a multiple of 36?
True
Is 1616 a multiple of 18?
False
Is 113 a factor of 13144?
False
Does 23 divide 8924?
True
Is 4 a factor of 18?
False
Is 780 a multiple of 65?
True
Is 768 a multiple of 48?
True
Is 8080 a multiple of 20?
True
Is 2785 a multiple of 24?
False
Is 2 a factor of 1620?
True
Does 3 divide 57?
True
Is 8 a factor of 90?
False
Does 28 divide 313?
False
Is 12 even?
True
Does 205 divide 12838?
False
Is 333 a multiple of 32?
False
Is 974 a multiple of 10?
False
Is 3378 a multiple of 6?
True
Is 479 a multiple of 25?
False
Is 3 a factor of 1161?
True
Is 30 a factor of 96370?
False
Does 114 divide 26084?
False
Is 9 a factor of 261?
True
Is 592 a multiple of 16?
True
Is 3038 a multiple of 62?
True
Does 74 divide 4440?
True
Is 716 a multiple of 21?
False
Is 2438 a multiple of 67?
False
Does 48 divide 432?
True
Is 153 a multiple of 12?
False
Is 1440 a multiple of 80?
True
Does 9 divide 225?
True
Is 15 a factor of 134?
False
Is 4702 a multiple of 152?
False
Does 3 divide 487?
False
Does 26 divide 5902?
True
Does 31 divide 51243?
True
Is 8202 a multiple of 149?
False
Is 12 a factor of 1236?
True
Does 31 divide 3252?
False
Is 50 a factor of 728?
False
Is 4920 a multiple of 8?
True
Is 98 a factor of 33516?
True
Is 16 a factor of 1689?
False
Is 6757 a multiple of 65?
False
Is 71 a factor of 24203?
False
Is 129 a factor of 2572?
False
Does 22 divide 1557?
False
Does 34 divide 1394?
True
Does 56 divide 2800?
True
Is 8940 a multiple of 20?
True
Does 21 divide 9593?
False
Is 167 a multiple of 14?
False
Is 205 a factor of 10045?
True
Does 19 divide 258?
False
Is 276 a multiple of 11?
False
Is 5 a factor of 651?
False
Is 3003 a multiple of 97?
False
Does 9 divide 9486?
True
Is 21 a factor of 3759?
True
Does 8 divide 307?
False
Is 2318 a multiple of 38?
True
Is 27 a factor of 1782?
True
Is 4524 a multiple of 26?
True
Is 340 a factor of 66678?
False
Is 12 a factor of 84120?
True
Does 82 divide 1066?
True
Does 47 divide 799?
True
Does 31 divide 9114?
True
Does 14 divide 476?
True
Is 192 a multiple of 13?
False
Is 7 a factor of 1687?
True
Is 9 a factor of 4223?
False
Is 220 a multiple of 5?
True
Is 13 a factor of 1105?
True
Is 64 a factor of 7424?
True
Is 25 a factor of 2725?
True
Is 11 a factor of 1898?
False
Does 79 divide 4297?
False
Is 6427 a multiple of 94?
False
Does 7 divide 8006?
False
Is 45313 a multiple of 27?
False
Is 71 a factor of 3976?
True
Does 86 divide 1448?
False
Is 2 a factor of 6358?
True
Is 87 a factor of 2869?
False
Is 42 a factor of 2095?
False
Does 17 divide 4352?
True
Does 280 divide 57680?
True
Does 133 divide 79256?
False
Is 153 even?
False
Is 2440 a multiple of 20?
True
Is 430 a multiple of 3?
False
Is 2560 a multiple of 40?
True
Is 7964 a multiple of 13?
False
Is 5346 a multiple of 18?
True
Does 9 divide 4386?
False
Is 11 a factor of 2620?
False
Does 5 divide 3282?
False
Is 1431 a multiple of 23?
False
Is 513 a multiple of 24?
False
Is 9065 a multiple of 35?
True
Is 7 a factor of 417?
False
Is 13 a factor of 1308?
False
Does 9 divide 666?
True
Is 7557 a multiple of 11?
True
Does 13 divide 3679?
True
Is 132 a factor of 18876?
True
Is 715 a multiple of 13?
True
Is 4980 a multiple of 39?
False
Is 1648 a multiple of 13?
False
Is 15 a factor of 381?
False
Does 17 divide 285?
False
Is 3364 a multiple of 18?
False
Does 7 divide 635?
False
Is 15375 a multiple of 21?
False
Does 21 divide 13335?
True
Is 29025 a multiple of 9?
True
Is 27069 a multiple of 22?
False
Is 371 a multiple of 18?
False
Is 3 a factor of 687?
True
Is 108 a multiple of 3?
True
Is 12 a factor of 980?
False
Does 86 divide 7471?
False
Does 6 divide 102?
True
Is 4 a factor of 46?
False
Is 66 a factor of 16951?
False
Is 483 a multiple of 20?
False
Is 312 a multiple of 13?
True
Is 14 a factor of 1624?
True
Is 19 a factor of 3002?
True
Does 3 divide 675?
True
Is 38843 a multiple of 217?
True
Does 12 divide 6007?
False
Does 83 divide 1328?
True
Does 3 divide 270?
True
Does 20 divide 29520?
True
Is 805 a multiple of 23?
True
Does 4 divide 73?
False
Is 20 a factor of 9852?
False
Is 10960 a multiple of 137?
True
Is 885 a multiple of 45?
False
Is 48 a factor of 576?
True
Is 930 a multiple of 62?
True
Does 107 divide 7918?
True
Does 58 divide 406?
True
Does 14 divide 12586?
True
Does 270 divide 25920?
True
Is 150 a factor of 14240?
False
Is 442 a multiple of 34?
True
Is 5094 a multiple of 20?
False
Is 910 a multiple of 40?
False
Is 3200 a multiple of 79?
False
Does 32 divide 3872?
True
Is 5230 a multiple of 38?
False
Is 372 a multiple of 124?
True
Is 45375 a multiple of 75?
True
Is 232 a multiple of 29?
True
Is 13923 a multiple of 119?
True
Is 8071 a multiple of 41?
False
Is 61028 a multiple of 146?
True
Is 15 a factor of 2278?
False
Is 12 a factor of 960?
True
Does 66 divide 2208?
False
Does 42 divide 1176?
True
Does 11 divide 9455?
False
Is 4 a factor of 2305?
False
Is 62 a factor of 4402?
True
Does 17 divide 1292?
True
Is 118 a factor of 2954?
False
Is 816 a multiple of 51?
True
Is 528 a multiple of 33?
True
Is 1358 a multiple of 87?
False
Does 2 divide 2670?
True
Does 4 divide 935?
False
Does 73 divide 4560?
False
Is 99 a factor of 34671?
False
Is 33 a factor of 71?
False
Is 130 a factor of 1430?
True
Is 19 a factor of 4579?
True
Is 14667 a multiple of 2?
False
Is 24121 a multiple of 134?
False
Is 1372 a multiple of 14?
True
Is 8459 a multiple of 123?
False
Is 19 a factor of 103527?
False
Does 2 divide 8?
True
Does 17 divide 10268?
True
Is 4437 a multiple of 29?
True
Is 893 a multiple of 19?
True
Is 4 a factor of 1864?
True
Is 3059 a multiple of 19?
True
Is 1053 a multiple of 54?
False
Is 85 a factor of 9272?
False
Is 397 a multiple of 40?
False
Is 42 a factor of 5922?
True
Does 54 divide 69223?
False
Does 36 divide 99814?
False
Is 7 a factor of 35?
True
Is 1722 a multiple of 42?
True
Does 69 divide 828?
True
Does 9 divide 71316?
True
Is 425 a multiple of 7?
False
Does 24 divide 728?
False
Is 2085 a multiple of 80?
False
Is 59 a factor of 118?
True
Is 11487 a multiple of 21?
True
Is 295 a factor of 88915?
False
Is 7 a factor of 347?
False
Is 5 a factor of 70?
True
Is 816 a multiple of 34?
True
Is 23062 a multiple of 5?
False
Does 29 divide 174?
True
Is 29 a factor of 58174?
True
Is 100 a factor of 3512?
False
Does 20 divide 24?
False
Is 12097 a multiple of 75?
False
Is 46848 a multiple of 16?
True
Is 840 a multiple of 12?
True
Is 2 a factor of 12?
True
Does 14 divide 1759?
False
Is 3127 a multiple of 62?
False
Does 10 divide 3790?
True
Is 6 a factor of 522?
True
Is 7 a factor of 126?
True
Does 9 divide 8510?
False
Is 7 a fact